git of 27275495?
4
What is the ten thousands digit of 197722897?
2
What is the billions digit of 3366668771?
3
What is the billions digit of 3696677522?
3
What is the ten millions digit of 717211062?
1
What is the ten millions digit of 89851378?
8
What is the hundred millions digit of 853623688?
8
What is the hundred thousands digit of 32872358?
8
What is the hundred thousands digit of 133595672?
5
What is the thousands digit of 274611856?
1
What is the ten thousands digit of 53963763?
6
What is the millions digit of 663599264?
3
What is the ten millions digit of 78385788?
7
What is the ten thousands digit of 348571861?
7
What is the thousands digit of 39834770?
4
What is the hundreds digit of 680938225?
2
What is the ten thousands digit of 3365584602?
8
What is the ten millions digit of 32913329?
3
What is the hundreds digit of 52617367?
3
What is the hundred thousands digit of 92487491?
4
What is the units digit of 202917279?
9
What is the units digit of 18937191?
1
What is the hundred thousands digit of 75706977?
7
What is the units digit of 420882402?
2
What is the hundreds digit of 1419584872?
8
What is the hundred thousands digit of 104742185?
7
What is the units digit of 84963561?
1
What is the tens digit of 1867034137?
3
What is the millions digit of 286081948?
6
What is the millions digit of 108006784?
8
What is the hundreds digit of 592217960?
9
What is the millions digit of 1640422900?
0
What is the units digit of 7750029?
9
What is the hundreds digit of 109157021?
0
What is the units digit of 73124498?
8
What is the ten millions digit of 202533026?
0
What is the hundred thousands digit of 737298818?
2
What is the millions digit of 60374542?
0
What is the hundred thousands digit of 247803666?
8
What is the units digit of 111602245?
5
What is the ten thousands digit of 81789654?
8
What is the tens digit of 44609180?
8
What is the millions digit of 15557048?
5
What is the units digit of 314395165?
5
What is the hundred millions digit of 654019120?
6
What is the thousands digit of 233004200?
4
What is the ten thousands digit of 33200011?
0
What is the hundreds digit of 60252390?
3
What is the hundred millions digit of 878039016?
8
What is the billions digit of 1263769048?
1
What is the tens digit of 38182624?
2
What is the thousands digit of 3252568?
2
What is the ten thousands digit of 175053660?
5
What is the millions digit of 249028504?
9
What is the hundred thousands digit of 1287397804?
3
What is the ten thousands digit of 40902743?
0
What is the hundreds digit of 1588249107?
1
What is the thousands digit of 257592753?
2
What is the thousands digit of 963841738?
1
What is the millions digit of 1888600421?
8
What is the hundreds digit of 215045228?
2
What is the ten thousands digit of 4087625142?
2
What is the ten thousands digit of 68210208?
1
What is the hundred millions digit of 223539005?
2
What is the units digit of 20755252?
2
What is the millions digit of 11707839?
1
What is the thousands digit of 499398517?
8
What is the thousands digit of 2762848547?
8
What is the millions digit of 198218989?
8
What is the millions digit of 8689552?
8
What is the hundreds digit of 632655798?
7
What is the hundreds digit of 6416757483?
4
What is the units digit of 59997608?
8
What is the hundred thousands digit of 32528819?
5
What is the tens digit of 184391621?
2
What is the thousands digit of 681298178?
8
What is the hundreds digit of 1294680292?
2
What is the ten thousands digit of 3557564622?
6
What is the units digit of 71385939?
9
What is the hundred millions digit of 795197381?
7
What is the ten thousands digit of 1355148921?
4
What is the millions digit of 1410102453?
0
What is the ten millions digit of 17155108?
1
What is the thousands digit of 5653638020?
8
What is the hundred thousands digit of 602502433?
5
What is the hundreds digit of 37049716?
7
What is the ten millions digit of 42824503?
4
What is the ten millions digit of 4461182743?
6
What is the hundreds digit of 5554022?
0
What is the millions digit of 282746244?
2
What is the ten millions digit of 90573636?
9
What is the ten thousands digit of 77624752?
2
What is the tens digit of 24880761?
6
What is the millions digit of 167045786?
7
What is the units digit of 130010561?
1
What is the tens digit of 5974177895?
9
What is the tens digit of 275700813?
1
What is the ten millions digit of 59107959?
5
What is the tens digit of 8582964?
6
What is the hundred millions digit of 894352010?
8
What is the hundreds digit of 1239374962?
9
What is the hundreds digit of 24257223?
2
What is the hundred millions digit of 2603791107?
6
What is the thousands digit of 503380867?
0
What is the tens digit of 62985619?
1
What is the ten thousands digit of 141695335?
9
What is the hundred thousands digit of 73588564?
5
What is the hundred millions digit of 555674824?
5
What is the thousands digit of 131164554?
4
What is the hundred thousands digit of 4033968705?
9
What is the hundreds digit of 2748952326?
3
What is the hundreds digit of 169260951?
9
What is the tens digit of 46670931?
3
What is the ten millions digit of 89511572?
8
What is the hundred thousands digit of 17767035?
7
What is the ten thousands digit of 738437001?
3
What is the tens digit of 2438594?
9
What is the hundred thousands digit of 61803975?
8
What is the millions digit of 478279475?
8
What is the thousands digit of 132939708?
9
What is the ten thousands digit of 1956748210?
4
What is the ten thousands digit of 97780387?
8
What is the thousands digit of 330763649?
3
What is the ten millions digit of 27811796?
2
What is the tens digit of 47750217?
1
What is the tens digit of 9320589?
8
What is the thousands digit of 99338629?
8
What is the hundred millions digit of 549659336?
5
What is the ten millions digit of 1116270430?
1
What is the millions digit of 129000022?
9
What is the hundred millions digit of 1103976200?
1
What is the hundred millions digit of 4359527760?
3
What is the units digit of 87320123?
3
What is the hundred thousands digit of 8207831692?
8
What is the tens digit of 671634410?
1
What is the millions digit of 379934734?
9
What is the hundreds digit of 791550039?
0
What is the units digit of 84539587?
7
What is the ten thousands digit of 115672820?
7
What is the thousands digit of 65376227?
6
What is the units digit of 510155640?
0
What is the ten thousands digit of 924466725?
6
What is the hundred thousands digit of 74537613?
5
What is the millions digit of 118770897?
8
What is the ten thousands digit of 35239194?
3
What is the ten thousands digit of 1207097518?
9
What is the millions digit of 61999469?
1
What is the millions digit of 9570204?
9
What is the ten thousands digit of 43622199?
2
What is the units digit of 411779762?
2
What is the units digit of 1071173560?
0
What is the millions digit of 1320663325?
0
What is the millions digit of 51536871?
1
What is the units digit of 140107251?
1
What is the ten thousands digit of 117083728?
8
What is the ten thousands digit of 17051735?
5
What is the hundred thousands digit of 528388884?
3
What is the tens digit of 486305838?
3
What is the ten thousands digit of 279606048?
0
What is the ten millions digit of 93507243?
9
What is the units digit of 108497683?
3
What is the hundred thousands digit of 24789045?
7
What is the ten thousands digit of 70357667?
5
What is the hundred millions digit of 111747541?
1
What is the thousands digit of 1980472371?
2
What is the hundred thousands digit of 400656447?
6
What is the tens digit of 1290111447?
4
What is the hundred thousands digit of 25457850?
4
What is the millions digit of 454012013?
4
What is the ten thousands digit of 19125735?
2
What is the ten millions digit of 3240443086?
4
What is the hundred thousands digit of 358563395?
5
What is the ten thousands digit of 1054919026?
1
What is the thousands digit of 341571190?
1
What is the hundred thousands digit of 1497543029?
5
What is the millions digit of 90178974?
0
What is the hundreds digit of 52991280?
2
What is the ten millions digit of 442282485?
4
What is the ten millions digit of 275325154?
7
What is the ten thousands digit of 319729410?
2
What is the units digit of 1420829914?
4
What is the hundred millions digit of 828267853?
8
What is the millions 